e the remainder when 32830 is divided by 10943.
1
What is the remainder when 1818943 is divided by 776?
775
Calculate the remainder when 36573 is divided by 202.
11
Calculate the remainder when 972 is divided by 718.
254
Calculate the remainder when 9483 is divided by 1166.
155
What is the remainder when 1780 is divided by 730?
320
What is the remainder when 598732 is divided by 47?
46
What is the remainder when 43840 is divided by 203?
195
Calculate the remainder when 2919 is divided by 1432.
55
Calculate the remainder when 457 is divided by 224.
9
What is the remainder when 3425 is divided by 3415?
10
Calculate the remainder when 39263 is divided by 7793.
298
Calculate the remainder when 24018 is divided by 304.
2
Calculate the remainder when 30629 is divided by 10092.
353
Calculate the remainder when 300654 is divided by 86.
84
Calculate the remainder when 8879 is divided by 94.
43
What is the remainder when 9296 is divided by 195?
131
What is the remainder when 8856 is divided by 979?
45
What is the remainder when 62193 is divided by 454?
449
What is the remainder when 111790 is divided by 548?
546
What is the remainder when 1376 is divided by 526?
324
What is the remainder when 25424 is divided by 26?
22
What is the remainder when 872 is divided by 46?
44
What is the remainder when 1540 is divided by 1176?
364
Calculate the remainder when 34494 is divided by 11480.
54
Calculate the remainder when 452 is divided by 156.
140
Calculate the remainder when 10293 is divided by 5145.
3
What is the remainder when 3743 is divided by 421?
375
Calculate the remainder when 183202 is divided by 727.
725
What is the remainder when 7580 is divided by 940?
60
Calculate the remainder when 33778 is divided by 805.
773
Calculate the remainder when 1150 is divided by 532.
86
What is the remainder when 4402 is divided by 113?
108
Calculate the remainder when 10508 is divided by 6.
2
What is the remainder when 6479 is divided by 231?
11
What is the remainder when 1441 is divided by 465?
46
Calculate the remainder when 59885 is divided by 33.
23
What is the remainder when 154680 is divided by 560?
120
What is the remainder when 3867 is divided by 97?
84
What is the remainder when 4616 is divided by 243?
242
Calculate the remainder when 3078855 is divided by 22.
21
What is the remainder when 69425 is divided by 26?
5
What is the remainder when 6032 is divided by 36?
20
What is the remainder when 509312 is divided by 155?
137
Calculate the remainder when 13583 is divided by 209.
207
Calculate the remainder when 2392696 is divided by 29.
22
What is the remainder when 208591 is divided by 33?
31
What is the remainder when 7332 is divided by 33?
6
Calculate the remainder when 19170 is divided by 551.
436
Calculate the remainder when 119046 is divided by 492.
474
What is the remainder when 259349 is divided by 130?
129
Calculate the remainder when 14354 is divided by 7169.
16
Calculate the remainder when 11774 is divided by 78.
74
Calculate the remainder when 519374 is divided by 22.
20
Calculate the remainder when 6845 is divided by 1138.
17
Calculate the remainder when 325 is divided by 141.
43
Calculate the remainder when 708205 is divided by 7082.
5
Calculate the remainder when 61707 is divided by 363.
360
Calculate the remainder when 22743 is divided by 6.
3
Calculate the remainder when 976 is divided by 249.
229
Calculate the remainder when 16970 is divided by 8192.
586
Calculate the remainder when 641028 is divided by 157.
154
What is the remainder when 3480 is divided by 23?
7
What is the remainder when 21179 is divided by 348?
299
What is the remainder when 41074 is divided by 10219?
198
Calculate the remainder when 5991 is divided by 1965.
96
Calculate the remainder when 2095 is divided by 104.
15
What is the remainder when 64209 is divided by 6?
3
Calculate the remainder when 959 is divided by 457.
45
Calculate the remainder when 12335 is divided by 1541.
7
Calculate the remainder when 880370 is divided by 79.
73
Calculate the remainder when 689660 is divided by 13.
10
Calculate the remainder when 94345 is divided by 23.
22
What is the remainder when 30593 is divided by 185?
68
Calculate the remainder when 3463 is divided by 293.
240
What is the remainder when 1906 is divided by 197?
133
Calculate the remainder when 69648 is divided by 26.
20
What is the remainder when 52978 is divided by 203?
198
What is the remainder when 62660 is divided by 28?
24
What is the remainder when 12880 is divided by 22?
10
Calculate the remainder when 7676 is divided by 28.
4
What is the remainder when 4548 is divided by 260?
128
Calculate the remainder when 159854 is divided by 6950.
4
Calculate the remainder when 24911 is divided by 56.
47
Calculate the remainder when 14954 is divided by 258.
248
What is the remainder when 32494 is divided by 22?
0
What is the remainder when 3686 is divided by 136?
14
Calculate the remainder when 103 is divided by 6.
1
Calculate the remainder when 19593 is divided by 816.
9
Calculate the remainder when 17436 is divided by 99.
12
What is the remainder when 1163 is divided by 19?
4
What is the remainder when 431478 is divided by 49?
33
Calculate the remainder when 29075 is divided by 709.
6
Calculate the remainder when 1634 is divided by 183.
170
What is the remainder when 110541 is divided by 49?
46
Calculate the remainder when 7124 is divided by 11.
7
What is the remainder when 7136 is divided by 81?
8
What is the remainder when 5275 is divided by 43?
29
What is the remainder when 1246891 is divided by 5?
1
What is the remainder when 17498 is divided by 8747?
4
Calculate the remainder when 5683 is divided by 809.
20
What is the remainder when 13633 is divided by 2231?
247
What is the remainder when 97934 is divided by 32639?
17
Calculate the remainder when 6542 is divided by 1233.
377
Calculate the remainder when 3172 is divided by 5.
2
Calculate the remainder when 2116 is divided by 175.
16
What is the remainder when 197 is divided by 182?
15
What is the remainder when 54808 is divided by 1712?
24
Calculate the remainder when 19966 is divided by 1174.
8
What is the remainder when 530 is divided by 401?
129
What is the remainder when 1325 is divided by 228?
185
What is the remainder when 29562 is divided by 632?
490
What is the remainder when 1701 is divided by 1214?
487
What is the remainder when 123092 is divided by 1295?
67
Calculate the remainder when 71574 is divided by 20.
14
Calculate the remainder when 272808 is divided by 4400.
8
Calculate the remainder when 623998 is divided by 319.
34
What is the remainder when 97627 is divided by 4?
3
What is the remainder when 69110 is divided by 54?
44
What is the remainder when 966 is divided by 248?
222
Calculate the remainder when 973627 is divided by 14.
11
What is the remainder when 1597 is divided by 1174?
423
What is the remainder when 212219 is divided by 29?
26
What is the remainder when 173359 is divided by 8?
7
What is the remainder when 1520 is divided by 267?
185
What is the remainder when 14832 is divided by 20?
12
What is the remainder when 2225 is divided by 74?
5
What is the remainder when 318680 is divided by 158?
152
What is the remainder when 131149 is divided by 217?
81
What is the remainder when 754 is divided by 333?
88
Calculate the remainder when 41807 is divided by 653.
15
What is the remainder when 26063 is divided by 253?
4
What is the remainder when 24725 is divided by 174?
17
What is the remainder when 515 is divided by 258?
257
What is the remainder when 239595 is divided by 14090?
65
Calculate the remainder when 3766 is divided by 932.
38
Calculate the remainder when 226465 is divided by 37743.
7
Calculate the remainder when 36679 is divided by 345.
109
What is the remainder when 1809966 is divided by 1091?
1088
What is the remainder when 138491 is divided by 911?
19
What is the remainder when 2087 is divided by 868?
351
What is the remainder when 801 is divided by 136?
121
What is the remainder when 40758 is divided by 89?
85
Calculate the remainder when 112727 is divided by 42.
41
Calculate the remainder when 4322 is divided by 1396.
134
What is the remainder when 144066 is divided by 82?
74
Calculate the remainder when 28205 is divided by 5620.
105
Calcu